{"id":46,"date":"2025-08-13T16:27:10","date_gmt":"2025-08-13T16:27:10","guid":{"rendered":"https:\/\/gas.mif.mybluehost.me\/website_7fbf7d4f\/?page_id=46"},"modified":"2025-08-20T01:30:09","modified_gmt":"2025-08-20T01:30:09","slug":"egresados","status":"publish","type":"page","link":"https:\/\/citro-uv.com\/website_7fbf7d4f\/egresados\/","title":{"rendered":"Egresados"},"content":{"rendered":"<p><!DOCTYPE html><br \/>\n<html lang=\"es\"><br \/>\n<head><br \/>\n    <meta charset=\"UTF-8\"><br \/>\n    <meta name=\"viewport\" content=\"width=device-width, initial-scale=1.0\"><br \/>\n    <title>Portal de Seguimiento de Egresados &#8211; CITRO<\/title><\/p>\n<p>    <!-- Tailwind CSS --><br \/>\n    <script src=\"https:\/\/cdn.tailwindcss.com\"><\/script><\/p>\n<p>    <!-- Google Fonts: Inter -->\n    <link rel=\"preconnect\" href=\"https:\/\/fonts.googleapis.com\">\n    <link rel=\"preconnect\" href=\"https:\/\/fonts.gstatic.com\" crossorigin>\n    <link href=\"https:\/\/fonts.googleapis.com\/css2?family=Inter:wght@400;500;600;700&#038;display=swap\" rel=\"stylesheet\">\n<p>    <!-- Font Awesome for Icons -->\n    <link rel=\"stylesheet\" href=\"https:\/\/cdnjs.cloudflare.com\/ajax\/libs\/font-awesome\/6.4.0\/css\/all.min.css\">\n<style>\n        \/* Custom Styles *\/\n        body {\n            font-family: 'Inter', sans-serif;\n            background-color: #f8f9fa;\n        }\n        .hero-section {\n            background: linear-gradient(rgba(0, 68, 33, 0.7), rgba(0, 68, 33, 0.7)), url('https:\/\/placehold.co\/1600x800\/228B22\/FFFFFF?text=Investigaci\u00f3n+Tropical') no-repeat center center;\n            background-size: cover;\n        }\n        .card-hover {\n            transition: transform 0.3s ease, box-shadow 0.3s ease;\n        }\n        .card-hover:hover {\n            transform: translateY(-5px);\n            box-shadow: 0 10px 20px rgba(0,0,0,0.1);\n        }\n    <\/style>\n<p><\/head><br \/>\n<body class=\"text-gray-800\"><\/p>\n<p>    <!-- Header --><\/p>\n<header class=\"bg-white shadow-md sticky top-0 z-50\">\n<div class=\"container mx-auto px-6 py-3 flex justify-between items-center\">\n<div class=\"flex items-center space-x-4\">\n                <img decoding=\"async\" loading=\"lazy\" src=\"https:\/\/placehold.co\/150x50\/004421\/FFFFFF?text=CITRO\" alt=\"Logo CITRO\" class=\"h-12\"><br \/>\n                <img decoding=\"async\" loading=\"lazy\" src=\"https:\/\/placehold.co\/100x50\/CCCCCC\/FFFFFF?text=UV\" alt=\"Logo UV\" class=\"h-10\">\n            <\/div>\n<nav class=\"hidden md:flex items-center space-x-6\">\n                <a href=\"#inicio\" class=\"text-gray-600 hover:text-green-800 font-medium\">Inicio<\/a><br \/>\n                <a href=\"#directorio\" class=\"text-gray-600 hover:text-green-800 font-medium\">Directorio<\/a><br \/>\n                <a href=\"#bolsa-trabajo\" class=\"text-gray-600 hover:text-green-800 font-medium\">Bolsa de Trabajo<\/a><br \/>\n                <a href=\"#noticias\" class=\"text-gray-600 hover:text-green-800 font-medium\">Noticias<\/a><br \/>\n                <a href=\"#contacto\" class=\"bg-green-700 text-white px-4 py-2 rounded-full hover:bg-green-800 transition duration-300\">Iniciar Sesi\u00f3n<\/a><br \/>\n            <\/nav>\n<p>            <button class=\"md:hidden text-gray-600\"><br \/>\n                <i class=\"fas fa-bars fa-lg\"><\/i><br \/>\n            <\/button>\n        <\/div>\n<\/header>\n<p>    <!-- Hero Section --><\/p>\n<section id=\"inicio\" class=\"hero-section text-white py-20 md:py-32\">\n<div class=\"container mx-auto px-6 text-center\">\n<h1 class=\"text-4xl md:text-6xl font-bold mb-4 leading-tight\">Conectando a la Comunidad de Egresados CITRO<\/h1>\n<\/p><\/div>\n<\/section>\n<p>    <!-- Main Content --><br \/>\n    <main class=\"container mx-auto px-6 py-16\"><\/p>\n<p>        <!-- About Section Block --><\/p>\n<section id=\"sobre\" class=\"mb-20\">\n<div class=\"bg-white p-8 rounded-lg shadow-lg\">\n<h2 class=\"text-3xl font-bold mb-4 text-center text-green-800\">Un Puente Entre el CITRO y T\u00fa<\/h2>\n<p class=\"text-center text-gray-600 text-lg max-w-4xl mx-auto\">\n                    Este portal es una iniciativa para mantener viva la conexi\u00f3n con nuestros valiosos egresados. Aqu\u00ed podr\u00e1s encontrar oportunidades, colaborar con colegas y compartir tus logros, contribuyendo al legado del Centro de Investigaciones Tropicales.\n                <\/p>\n<\/p><\/div>\n<\/section>\n<p>        <!-- Key Sections Blocks --><\/p>\n<section class=\"grid md:grid-cols-2 lg:grid-cols-3 gap-8 mb-20\">\n            <!-- Directorio Card --><\/p>\n<div class=\"bg-white p-8 rounded-lg shadow-lg text-center card-hover\">\n<div class=\"text-green-700 mb-4\"><i class=\"fas fa-users fa-3x\"><\/i><\/div>\n<h3 class=\"text-xl font-bold mb-2\">Directorio de Egresados<\/h3>\n<p class=\"text-gray-600\">Encuentra y conecta con colegas de tu generaci\u00f3n y otras. Expande tu red profesional.<\/p>\n<\/p><\/div>\n<p>            <!-- Bolsa de Trabajo Card --><\/p>\n<div class=\"bg-white p-8 rounded-lg shadow-lg text-center card-hover\">\n<div class=\"text-green-700 mb-4\"><i class=\"fas fa-briefcase fa-3x\"><\/i><\/div>\n<h3 class=\"text-xl font-bold mb-2\">Bolsa de Trabajo<\/h3>\n<p class=\"text-gray-600\">Descubre oportunidades laborales exclusivas en el campo de la ecolog\u00eda y la conservaci\u00f3n.<\/p>\n<\/p><\/div>\n<p>            <!-- Noticias Card --><\/p>\n<div class=\"bg-white p-8 rounded-lg shadow-lg text-center card-hover md:col-span-2 lg:col-span-1\">\n<div class=\"text-green-700 mb-4\"><i class=\"fas fa-newspaper fa-3x\"><\/i><\/div>\n<h3 class=\"text-xl font-bold mb-2\">Noticias y Eventos<\/h3>\n<p class=\"text-gray-600\">Mantente al d\u00eda con las \u00faltimas publicaciones, seminarios y logros de la comunidad CITRO.<\/p>\n<\/p><\/div>\n<\/section>\n<p>        <!-- Registration Form Block --><\/p>\n<section id=\"registro\" class=\"bg-white p-8 md:p-12 rounded-lg shadow-xl mb-20\">\n<h2 class=\"text-3xl font-bold mb-8 text-center text-green-800\">Formulario de Seguimiento a Egresados<\/h2>\n<form class=\"space-y-8\">\n<p>                <!-- Personal Info --><\/p>\n<div>\n<h3 class=\"text-2xl font-semibold mb-6 border-b-2 border-green-700 pb-2 text-gray-700\">Informaci\u00f3n Personal<\/h3>\n<div class=\"grid grid-cols-1 md:grid-cols-3 gap-6\">\n<div>\n                            <label for=\"nombre\" class=\"block font-medium mb-1\">Nombre(s)<\/label><br \/>\n                            <input type=\"text\" id=\"nombre\" class=\"w-full p-3 border border-gray-300 rounded-lg focus:ring-2 focus:ring-green-500\">\n                        <\/div>\n<div>\n                            <label for=\"apellido_paterno\" class=\"block font-medium mb-1\">Apellido Paterno<\/label><br \/>\n                            <input type=\"text\" id=\"apellido_paterno\" class=\"w-full p-3 border border-gray-300 rounded-lg focus:ring-2 focus:ring-green-500\">\n                        <\/div>\n<div>\n                            <label for=\"apellido_materno\" class=\"block font-medium mb-1\">Apellido Materno<\/label><br \/>\n                            <input type=\"text\" id=\"apellido_materno\" class=\"w-full p-3 border border-gray-300 rounded-lg focus:ring-2 focus:ring-green-500\">\n                        <\/div>\n<div class=\"md:col-span-2\">\n                            <label for=\"email\" class=\"block font-medium mb-1\">Correo Electr\u00f3nico<\/label><br \/>\n                            <input type=\"email\" id=\"email\" class=\"w-full p-3 border border-gray-300 rounded-lg focus:ring-2 focus:ring-green-500\">\n                        <\/div>\n<div>\n                            <label for=\"telefono\" class=\"block font-medium mb-1\">Tel\u00e9fono<\/label><br \/>\n                            <input type=\"tel\" id=\"telefono\" class=\"w-full p-3 border border-gray-300 rounded-lg focus:ring-2 focus:ring-green-500\">\n                        <\/div>\n<div>\n                            <label for=\"fecha_nacimiento\" class=\"block font-medium mb-1\">Fecha de Nacimiento<\/label><br \/>\n                            <input type=\"date\" id=\"fecha_nacimiento\" class=\"w-full p-3 border border-gray-300 rounded-lg focus:ring-2 focus:ring-green-500\">\n                        <\/div>\n<div>\n                            <label for=\"sexo\" class=\"block font-medium mb-1\">Sexo<\/label><br \/>\n                            <select id=\"sexo\" class=\"w-full p-3 border border-gray-300 rounded-lg bg-white focus:ring-2 focus:ring-green-500\"><option>Hombre<\/option><option>Mujer<\/option><option>Otro<\/option><\/select>\n                        <\/div>\n<div>\n                            <label for=\"nacionalidad\" class=\"block font-medium mb-1\">Nacionalidad<\/label><br \/>\n                            <input type=\"text\" id=\"nacionalidad\" class=\"w-full p-3 border border-gray-300 rounded-lg focus:ring-2 focus:ring-green-500\">\n                        <\/div>\n<div>\n                            <label for=\"pais_residencia\" class=\"block font-medium mb-1\">Pa\u00eds de Residencia Actual<\/label><br \/>\n                            <input type=\"text\" id=\"pais_residencia\" class=\"w-full p-3 border border-gray-300 rounded-lg focus:ring-2 focus:ring-green-500\">\n                        <\/div>\n<div>\n                            <label for=\"estado\" class=\"block font-medium mb-1\">Estado\/Provincia de Residencia Actual<\/label><br \/>\n                            <input type=\"text\" id=\"estado\" class=\"w-full p-3 border border-gray-300 rounded-lg focus:ring-2 focus:ring-green-500\">\n                        <\/div>\n<div>\n                            <label for=\"ciudad\" class=\"block font-medium mb-1\">Ciudad de Residencia Actual<\/label><br \/>\n                            <input type=\"text\" id=\"ciudad\" class=\"w-full p-3 border border-gray-300 rounded-lg focus:ring-2 focus:ring-green-500\">\n                        <\/div>\n<\/p><\/div>\n<\/p><\/div>\n<p>                <!-- Academic Info --><\/p>\n<div>\n<h3 class=\"text-2xl font-semibold mb-6 border-b-2 border-green-700 pb-2 text-gray-700\">Informaci\u00f3n Acad\u00e9mica (CITRO)<\/h3>\n<div class=\"grid grid-cols-1 md:grid-cols-3 gap-6\">\n<div>\n                            <label for=\"programa\" class=\"block font-medium mb-1\">Programa Cursado<\/label><br \/>\n                            <select id=\"programa\" class=\"w-full p-3 border border-gray-300 rounded-lg bg-white focus:ring-2 focus:ring-green-500\"><option>Maestr\u00eda en Ecolog\u00eda Tropical<\/option><option>Doctorado en Ecolog\u00eda Tropical<\/option><option>Otro<\/option><\/select>\n                        <\/div>\n<div>\n                            <label for=\"anio_ingreso\" class=\"block font-medium mb-1\">A\u00f1o de Ingreso<\/label><br \/>\n                            <input type=\"number\" id=\"anio_ingreso\" placeholder=\"Ej. 2018\" class=\"w-full p-3 border border-gray-300 rounded-lg focus:ring-2 focus:ring-green-500\">\n                        <\/div>\n<div>\n                            <label for=\"anio_egreso\" class=\"block font-medium mb-1\">A\u00f1o de Egreso<\/label><br \/>\n                            <input type=\"number\" id=\"anio_egreso\" placeholder=\"Ej. 2020\" class=\"w-full p-3 border border-gray-300 rounded-lg focus:ring-2 focus:ring-green-500\">\n                        <\/div>\n<div class=\"md:col-span-3\">\n                            <label for=\"titulo_tesis\" class=\"block font-medium mb-1\">T\u00edtulo de la Tesis<\/label><br \/>\n                            <input type=\"text\" id=\"titulo_tesis\" class=\"w-full p-3 border border-gray-300 rounded-lg focus:ring-2 focus:ring-green-500\">\n                        <\/div>\n<div class=\"md:col-span-3 lg:col-span-1\">\n                            <label for=\"director_tesis\" class=\"block font-medium mb-1\">Director(a) de Tesis<\/label><br \/>\n                            <input type=\"text\" id=\"director_tesis\" class=\"w-full p-3 border border-gray-300 rounded-lg focus:ring-2 focus:ring-green-500\">\n                        <\/div>\n<div class=\"md:col-span-3 lg:col-span-1\">\n                             <label for=\"codirector_tesis\" class=\"block font-medium mb-1\">Co-director(a) de Tesis<\/label><br \/>\n                            <input type=\"text\" id=\"codirector_tesis\" class=\"w-full p-3 border border-gray-300 rounded-lg focus:ring-2 focus:ring-green-500\">\n                        <\/div>\n<\/p><\/div>\n<\/p><\/div>\n<p>                <!-- Professional Info --><\/p>\n<div>\n<h3 class=\"text-2xl font-semibold mb-6 border-b-2 border-green-700 pb-2 text-gray-700\">Situaci\u00f3n Laboral Actual<\/h3>\n<div class=\"grid grid-cols-1 md:grid-cols-2 gap-6\">\n<div>\n                            <label for=\"ocupacion\" class=\"block font-medium mb-1\">Situaci\u00f3n Laboral Actual<\/label><br \/>\n                            <select id=\"ocupacion\" class=\"w-full p-3 border border-gray-300 rounded-lg bg-white focus:ring-2 focus:ring-green-500\"><option>Estudiante<\/option><option>Buscando empleo<\/option><option>Empleado\/a<\/option><option>Autoempleado\/a<\/option><option>Otro<\/option><\/select>\n                        <\/div>\n<div>\n                            <label for=\"sector\" class=\"block font-medium mb-1\">Sector en el que laboras<\/label><br \/>\n                            <select id=\"sector\" class=\"w-full p-3 border border-gray-300 rounded-lg bg-white focus:ring-2 focus:ring-green-500\"><option>Acad\u00e9mico<\/option><option>Gubernamental<\/option><option>Privado<\/option><option>ONG<\/option><option>Otro<\/option><\/select>\n                        <\/div>\n<div class=\"md:col-span-2\">\n                             <label for=\"institucion\" class=\"block font-medium mb-1\">Nombre de la Instituci\u00f3n\/Empresa<\/label><br \/>\n                            <input type=\"text\" id=\"institucion\" class=\"w-full p-3 border border-gray-300 rounded-lg focus:ring-2 focus:ring-green-500\">\n                        <\/div>\n<div>\n                            <label for=\"pais_labora\" class=\"block font-medium mb-1\">Pa\u00eds donde labora<\/label><br \/>\n                            <input type=\"text\" id=\"pais_labora\" class=\"w-full p-3 border border-gray-300 rounded-lg focus:ring-2 focus:ring-green-500\">\n                        <\/div>\n<div>\n                            <label for=\"ciudad_labora\" class=\"block font-medium mb-1\">Ciudad donde labora<\/label><br \/>\n                            <input type=\"text\" id=\"ciudad_labora\" class=\"w-full p-3 border border-gray-300 rounded-lg focus:ring-2 focus:ring-green-500\">\n                        <\/div>\n<\/p><\/div>\n<\/p><\/div>\n<p>                <!-- Trajectory and Links --><\/p>\n<div>\n<h3 class=\"text-2xl font-semibold mb-6 border-b-2 border-green-700 pb-2 text-gray-700\">Trayectoria Profesional y Vinculaci\u00f3n<\/h3>\n<div class=\"grid grid-cols-1 md:grid-cols-2 gap-6\">\n<div class=\"md:col-span-2\">\n                            <label for=\"area_especializacion\" class=\"block font-medium mb-1\">\u00c1reas de especializaci\u00f3n o inter\u00e9s profesional<\/label><br \/>\n                            <input type=\"text\" id=\"area_especializacion\" placeholder=\"Separar con comas\" class=\"w-full p-3 border border-gray-300 rounded-lg focus:ring-2 focus:ring-green-500\">\n                        <\/div>\n<div>\n                            <label class=\"block font-medium mb-2\">\u00bfPertenece al SNI?<\/label><\/p>\n<div class=\"flex space-x-4\">\n                                <label class=\"flex items-center\"><input type=\"radio\" name=\"sni\" class=\"mr-2\"> S\u00ed<\/label><br \/>\n                                <label class=\"flex items-center\"><input type=\"radio\" name=\"sni\" class=\"mr-2\"> No<\/label><br \/>\n                                <label class=\"flex items-center\"><input type=\"radio\" name=\"sni\" class=\"mr-2\"> En proceso<\/label>\n                            <\/div>\n<\/p><\/div>\n<div>\n                            <label for=\"sni_nivel\" class=\"block font-medium mb-1\">Nivel SNI (si aplica)<\/label><br \/>\n                            <select id=\"sni_nivel\" class=\"w-full p-3 border border-gray-300 rounded-lg bg-white focus:ring-2 focus:ring-green-500\"><option>No aplica<\/option><option>Candidato\/a<\/option><option>Nivel I<\/option><option>Nivel II<\/option><option>Nivel III<\/option><option>Em\u00e9rito\/a<\/option><\/select>\n                        <\/div>\n<div class=\"md:col-span-2\">\n                            <label class=\"block font-medium mb-2\">\u00bfEstar\u00edas interesado\/a en colaborar con el posgrado del CITRO?<\/label><\/p>\n<div class=\"grid grid-cols-2 sm:grid-cols-3 gap-2\">\n                                <label class=\"flex items-center p-2 border rounded-lg\"><input type=\"checkbox\" class=\"mr-2\"> Impartir pl\u00e1ticas<\/label><br \/>\n                                <label class=\"flex items-center p-2 border rounded-lg\"><input type=\"checkbox\" class=\"mr-2\"> Impartir cursos<\/label><br \/>\n                                <label class=\"flex items-center p-2 border rounded-lg\"><input type=\"checkbox\" class=\"mr-2\"> Impartir talleres<\/label><br \/>\n                                <label class=\"flex items-center p-2 border rounded-lg\"><input type=\"checkbox\" class=\"mr-2\"> Dirigir o co-dirigir tesis<\/label><br \/>\n                                <label class=\"flex items-center p-2 border rounded-lg\"><input type=\"checkbox\" class=\"mr-2\"> Ser anfitri\u00f3n\/a para estancias<\/label><br \/>\n                                <label class=\"flex items-center p-2 border rounded-lg\"><input type=\"checkbox\" id=\"colaborar_otro\" class=\"mr-2\"> Otro<\/label>\n                            <\/div>\n<\/p><\/div>\n<div id=\"otra_colaboracion_wrapper\" class=\"md:col-span-2 hidden\">\n                            <label for=\"otra_colaboracion\" class=\"block font-medium mb-1\">\u00bfDe qu\u00e9 otra forma te gustar\u00eda colaborar?<\/label><br \/>\n                            <input type=\"text\" id=\"otra_colaboracion\" class=\"w-full p-3 border border-gray-300 rounded-lg focus:ring-2 focus:ring-green-500\">\n                        <\/div>\n<div class=\"md:col-span-2 space-y-4\">\n<div>\n                                <label class=\"block font-medium mb-2\">\u00bfTe gustar\u00eda recibir informaci\u00f3n sobre las actividades del CITRO?<\/label><\/p>\n<div class=\"flex space-x-4\">\n                                    <label class=\"flex items-center\"><input type=\"radio\" name=\"info_citro\" class=\"mr-2\"> S\u00ed<\/label><br \/>\n                                    <label class=\"flex items-center\"><input type=\"radio\" name=\"info_citro\" class=\"mr-2\"> No<\/label>\n                                <\/div>\n<\/p><\/div>\n<div>\n                                <label class=\"block font-medium mb-2\">\u00bfAutorizas que tu nombre y correo electr\u00f3nico aparezcan en el directorio de egresados del CITRO?<\/label><\/p>\n<div class=\"flex space-x-4\">\n                                    <label class=\"flex items-center\"><input type=\"radio\" name=\"directorio_auth\" class=\"mr-2\"> S\u00ed<\/label><br \/>\n                                    <label class=\"flex items-center\"><input type=\"radio\" name=\"directorio_auth\" class=\"mr-2\"> No<\/label>\n                                <\/div>\n<\/p><\/div>\n<\/p><\/div>\n<div class=\"md:col-span-2\">\n                            <label for=\"comentarios\" class=\"block font-medium mb-1\">Comentarios o Sugerencias<\/label><br \/>\n                            <textarea id=\"comentarios\" rows=\"4\" class=\"w-full p-3 border border-gray-300 rounded-lg focus:ring-2 focus:ring-green-500\"><\/textarea>\n                        <\/div>\n<\/p><\/div>\n<\/p><\/div>\n<p>                <!-- Submit Button --><\/p>\n<div class=\"text-center mt-6\">\n                    <button type=\"submit\" class=\"bg-green-700 text-white font-bold py-4 px-12 rounded-full hover:bg-green-800 transition duration-300 text-lg shadow-lg\">Enviar y Actualizar Perfil<\/button>\n                <\/div>\n<\/p><\/form>\n<\/section>\n<p>    <\/main><\/p>\n<p>    <!-- Footer --><\/p>\n<footer id=\"contacto\" class=\"bg-gray-800 text-white pt-12 pb-8\">\n<div class=\"container mx-auto px-6\">\n<div class=\"grid grid-cols-1 md:grid-cols-3 gap-8 text-center md:text-left\">\n<div>\n<h4 class=\"text-lg font-semibold mb-4\">Sobre CITRO<\/h4>\n<p class=\"text-gray-400\">El Centro de Investigaciones Tropicales es un centro acad\u00e9mico interdisciplinario de la Universidad Veracruzana.<\/p>\n<\/p><\/div>\n<div>\n<h4 class=\"text-lg font-semibold mb-4\">Enlaces R\u00e1pidos<\/h4>\n<ul>\n<li class=\"mb-2\"><a href=\"#\" class=\"text-gray-400 hover:text-white\">Universidad Veracruzana<\/a><\/li>\n<li class=\"mb-2\"><a href=\"#\" class=\"text-gray-400 hover:text-white\">Posgrado en Ecolog\u00eda Tropical<\/a><\/li>\n<li class=\"mb-2\"><a href=\"#\" class=\"text-gray-400 hover:text-white\">Aviso de Privacidad<\/a><\/li>\n<\/ul><\/div>\n<div>\n<h4 class=\"text-lg font-semibold mb-4\">Contacto<\/h4>\n<p class=\"text-gray-400\">Lomas del Estadio s\/n, C.P. 91000<br \/>Xalapa, Veracruz, M\u00e9xico<\/p>\n<p class=\"text-gray-400\">(228) 842-17-00<\/p>\n<div class=\"mt-4 flex justify-center md:justify-start space-x-4\">\n                        <a href=\"#\" class=\"text-gray-400 hover:text-white\"><i class=\"fab fa-facebook-f fa-lg\"><\/i><\/a><br \/>\n                        <a href=\"#\" class=\"text-gray-400 hover:text-white\"><i class=\"fab fa-twitter fa-lg\"><\/i><\/a><br \/>\n                        <a href=\"#\" class=\"text-gray-400 hover:text-white\"><i class=\"fas fa-envelope fa-lg\"><\/i><\/a>\n                    <\/div>\n<\/p><\/div>\n<\/p><\/div>\n<div class=\"border-t border-gray-700 mt-8 pt-6 text-center text-gray-500\">\n<p>&copy; 2025 Portal de Egresados CITRO &#8211; Universidad Veracruzana. Todos los derechos reservados.<\/p>\n<\/p><\/div>\n<\/p><\/div>\n<\/footer>\n<p>    <script>\n        \/\/ Script to show\/hide the \"other collaboration\" text field\n        document.getElementById('colaborar_otro').addEventListener('change', function() {\n            const wrapper = document.getElementById('otra_colaboracion_wrapper');\n            if (this.checked) {\n                wrapper.classList.remove('hidden');\n            } else {\n                wrapper.classList.add('hidden');\n            }\n        });\n    <\/script><\/p>\n<p><\/body><br \/>\n<\/html><\/p>\n","protected":false},"excerpt":{"rendered":"<p>Portal de Seguimiento de Egresados &#8211; CITRO Inicio Directorio Bolsa de Trabajo Noticias Iniciar Sesi\u00f3n Conectando a la Comunidad de Egresados CITRO Un Puente Entre el CITRO y T\u00fa Este portal es una iniciativa para mantener viva la conexi\u00f3n con nuestros valiosos egresados. Aqu\u00ed podr\u00e1s encontrar oportunidades, colaborar con colegas y compartir tus logros, contribuyendo [&hellip;]<\/p>\n","protected":false},"author":1,"featured_media":0,"parent":0,"menu_order":0,"comment_status":"open","ping_status":"closed","template":"","meta":{"nf_dc_page":"","om_disable_all_campaigns":false,"_monsterinsights_skip_tracking":false,"_monsterinsights_sitenote_active":false,"_monsterinsights_sitenote_note":"","_monsterinsights_sitenote_category":0,"footnotes":""},"class_list":["post-46","page","type-page","status-publish","hentry"],"aioseo_notices":[],"jetpack_sharing_enabled":true,"_links":{"self":[{"href":"https:\/\/citro-uv.com\/website_7fbf7d4f\/wp-json\/wp\/v2\/pages\/46","targetHints":{"allow":["GET"]}}],"collection":[{"href":"https:\/\/citro-uv.com\/website_7fbf7d4f\/wp-json\/wp\/v2\/pages"}],"about":[{"href":"https:\/\/citro-uv.com\/website_7fbf7d4f\/wp-json\/wp\/v2\/types\/page"}],"author":[{"embeddable":true,"href":"https:\/\/citro-uv.com\/website_7fbf7d4f\/wp-json\/wp\/v2\/users\/1"}],"replies":[{"embeddable":true,"href":"https:\/\/citro-uv.com\/website_7fbf7d4f\/wp-json\/wp\/v2\/comments?post=46"}],"version-history":[{"count":6,"href":"https:\/\/citro-uv.com\/website_7fbf7d4f\/wp-json\/wp\/v2\/pages\/46\/revisions"}],"predecessor-version":[{"id":339,"href":"https:\/\/citro-uv.com\/website_7fbf7d4f\/wp-json\/wp\/v2\/pages\/46\/revisions\/339"}],"wp:attachment":[{"href":"https:\/\/citro-uv.com\/website_7fbf7d4f\/wp-json\/wp\/v2\/media?parent=46"}],"curies":[{"name":"wp","href":"https:\/\/api.w.org\/{rel}","templated":true}]}}