{"id":369,"date":"2025-08-21T14:27:03","date_gmt":"2025-08-21T14:27:03","guid":{"rendered":"https:\/\/citro-uv.com\/website_7fbf7d4f\/?page_id=369"},"modified":"2025-08-21T14:27:58","modified_gmt":"2025-08-21T14:27:58","slug":"plan-de-estudios","status":"publish","type":"page","link":"https:\/\/citro-uv.com\/website_7fbf7d4f\/plan-de-estudios\/","title":{"rendered":"Plan de estudios"},"content":{"rendered":"<p><!DOCTYPE html><br \/>\n<html lang=\"es\"><br \/>\n<head><br \/>\n    <meta charset=\"UTF-8\"><br \/>\n    <meta name=\"viewport\" content=\"width=device-width, initial-scale=1.0\"><br \/>\n    <title>Plan de Estudios &#8211; Posgrado CITRO-UV<\/title><br \/>\n    <script src=\"https:\/\/cdn.tailwindcss.com\"><\/script>\n    <link rel=\"preconnect\" href=\"https:\/\/fonts.googleapis.com\">\n    <link rel=\"preconnect\" href=\"https:\/\/fonts.gstatic.com\" crossorigin>\n    <link href=\"https:\/\/fonts.googleapis.com\/css2?family=Inter:wght@400;700;900&#038;display=swap\" rel=\"stylesheet\">\n<style>\n        body {\n            font-family: 'Inter', sans-serif;\n            scroll-behavior: smooth;\n        }\n    <\/style>\n<p><\/head><br \/>\n<body class=\"bg-gray-50 text-gray-800\"><\/p>\n<p>    <!-- Secci\u00f3n Principal --><br \/>\n    <main class=\"container mx-auto px-6 py-16\"><\/p>\n<section id=\"plan-de-estudios\">\n<h2 class=\"text-4xl font-bold text-center text-[#003F5C] mb-2\">Plan de Estudios: Maestr\u00eda en Ecolog\u00eda Tropical<\/h2>\n<p class=\"text-center text-lg text-gray-600 mb-12\">Conoce a fondo la estructura y los objetivos de nuestro programa.<\/p>\n<div class=\"bg-white p-8 md:p-12 rounded-lg shadow-lg space-y-10\">\n                <!-- Descripci\u00f3n y Objetivo --><\/p>\n<div>\n<h3 class=\"text-2xl font-bold text-[#58508D] mb-4\">Descripci\u00f3n y Objetivo<\/h3>\n<p class=\"text-gray-700 mb-4\">En las regiones tropicales se concentra la mayor diversidad biol\u00f3gica y cultural del mundo; sin embargo, las presiones antropog\u00e9nicas ponen en riesgo los diversos sistemas socio-ecol\u00f3gicos. La Maestr\u00eda en Ecolog\u00eda Tropical tiene como objetivo formar recursos humanos socialmente responsables, capaces de incorporar conocimientos cient\u00edficos y locales para la conservaci\u00f3n y manejo sostenible de la diversidad en las zonas tropicales.<\/p>\n<p class=\"text-gray-700 font-semibold\">Nuestro objetivo es formar profesionales con una visi\u00f3n hol\u00edstica, cr\u00edtica y sistem\u00e1tica, que tengan la capacidad de identificar, caracterizar y desarrollar soluciones sostenibles a los diversos problemas socio-ecol\u00f3gicos de las zonas tropicales.<\/p>\n<\/p><\/div>\n<p>                <!-- Mapa Curricular --><\/p>\n<div>\n<h3 class=\"text-2xl font-bold text-[#58508D] mb-6\">Mapa Curricular<\/h3>\n<div class=\"bg-gray-50 p-6 rounded-lg mb-8\">\n<h4 class=\"font-bold text-xl text-center text-[#003F5C] mb-4\">Resumen de Cr\u00e9ditos<\/h4>\n<div class=\"flex justify-center space-x-4 md:space-x-8 text-center\">\n<div>\n<p class=\"text-2xl font-bold text-[#BC5090]\">89<\/p>\n<p class=\"text-sm text-gray-600\">Cr\u00e9ditos de Cursos<\/p>\n<\/p><\/div>\n<div>\n<p class=\"text-2xl font-bold text-[#58508D]\">12<\/p>\n<p class=\"text-sm text-gray-600\">Cr\u00e9ditos de Actividades Acad\u00e9micas<\/p>\n<\/p><\/div>\n<div>\n<p class=\"text-2xl font-bold text-[#003F5C]\">101<\/p>\n<p class=\"text-sm text-gray-600\">Total de Cr\u00e9ditos del Programa<\/p>\n<\/p><\/div>\n<\/p><\/div>\n<\/p><\/div>\n<div class=\"overflow-x-auto\">\n<table class=\"min-w-full bg-white border border-gray-200\">\n<thead class=\"bg-gray-100\">\n<tr>\n<th class=\"px-6 py-3 border-b-2 border-gray-200 text-left text-xs font-semibold text-gray-600 uppercase tracking-wider\">\u00c1rea \/ Semestre<\/th>\n<th class=\"px-6 py-3 border-b-2 border-gray-200 text-left text-xs font-semibold text-gray-600 uppercase tracking-wider\">Primero<\/th>\n<th class=\"px-6 py-3 border-b-2 border-gray-200 text-left text-xs font-semibold text-gray-600 uppercase tracking-wider\">Segundo<\/th>\n<th class=\"px-6 py-3 border-b-2 border-gray-200 text-left text-xs font-semibold text-gray-600 uppercase tracking-wider\">Tercero<\/th>\n<th class=\"px-6 py-3 border-b-2 border-gray-200 text-left text-xs font-semibold text-gray-600 uppercase tracking-wider\">Cuarto<\/th>\n<\/tr>\n<\/thead>\n<tbody class=\"divide-y divide-gray-200\">\n<tr>\n<td rowspan=\"5\" class=\"px-6 py-4 align-top bg-gray-50 font-semibold\">\u00c1rea B\u00e1sica<\/td>\n<td class=\"px-6 py-4\">Seminario de Investigaci\u00f3n multidisciplinaria I (9 cr\u00e9ditos)<\/td>\n<td class=\"px-6 py-4\"><\/td>\n<td class=\"px-6 py-4\"><\/td>\n<td class=\"px-6 py-4\"><\/td>\n<\/tr>\n<tr>\n<td class=\"px-6 py-4\">Ecolog\u00eda tropical y biolog\u00eda de la conservaci\u00f3n (10 cr\u00e9ditos)<\/td>\n<td class=\"px-6 py-4\">Seminario de Investigaci\u00f3n multidisciplinaria II (9 cr\u00e9ditos)<\/td>\n<td class=\"px-6 py-4\"><\/td>\n<td class=\"px-6 py-4\"><\/td>\n<\/tr>\n<tr>\n<td class=\"px-6 py-4\">An\u00e1lisis cuantitativo y cualitativo para la investigaci\u00f3n cient\u00edfica (10 cr\u00e9ditos)<\/td>\n<td class=\"px-6 py-4\"><\/td>\n<td class=\"px-6 py-4\">Seminario de Investigaci\u00f3n multidisciplinaria III (11 cr\u00e9ditos)<\/td>\n<td class=\"px-6 py-4\"><\/td>\n<\/tr>\n<tr>\n<td class=\"px-6 py-4\">Comunidad y diversidad biocultural (10 cr\u00e9ditos)<\/td>\n<td class=\"px-6 py-4\"><\/td>\n<td class=\"px-6 py-4\"><\/td>\n<td class=\"px-6 py-4\">Seminario de Investigaci\u00f3n multidisciplinaria IV (12 cr\u00e9ditos)<\/td>\n<\/tr>\n<tr class=\"bg-gray-50\">\n<td class=\"px-6 py-4\"><\/td>\n<td class=\"px-6 py-4 font-semibold\">Optativa I<br \/>Optativa II<\/td>\n<td class=\"px-6 py-4 font-semibold\">Optativa III<\/td>\n<td class=\"px-6 py-4\"><\/td>\n<\/tr>\n<\/tbody>\n<\/table><\/div>\n<\/p><\/div>\n<p>                <!-- Actividades Acad\u00e9micas --><\/p>\n<div>\n<h3 class=\"text-2xl font-bold text-[#58508D] mb-6\">Actividades Acad\u00e9micas Complementarias<\/h3>\n<div class=\"bg-gray-50 p-6 rounded-lg\">\n<p class=\"text-gray-700 mb-4\">Durante los cuatro semestres el estudiante tendr\u00e1 que realizar un total de tres actividades acad\u00e9micas, las cuales puede llevar en cualquier semestre.<\/p>\n<ul class=\"list-disc list-inside space-y-2 text-gray-800\">\n<li>Actividad acad\u00e9mica 1 (4 cr\u00e9ditos)<\/li>\n<li>Actividad acad\u00e9mica 2 (4 cr\u00e9ditos)<\/li>\n<li>Actividad acad\u00e9mica 3 (4 cr\u00e9ditos)<\/li>\n<\/ul><\/div>\n<\/p><\/div>\n<p>                <!-- Perfiles --><\/p>\n<div class=\"grid md:grid-cols-3 gap-8\">\n<div class=\"bg-gray-50 p-6 rounded-lg\">\n<h4 class=\"font-bold text-xl text-[#BC5090] mb-3\">Perfil de Ingreso<\/h4>\n<p class=\"text-sm text-gray-600\">Capacidad anal\u00edtica, dominio oral y escrito en espa\u00f1ol, comprensi\u00f3n de textos en ingl\u00e9s, y manejo de herramientas inform\u00e1ticas. Inter\u00e9s en conservaci\u00f3n, manejo de recursos y desarrollo rural sustentable.<\/p>\n<\/p><\/div>\n<div class=\"bg-gray-50 p-6 rounded-lg\">\n<h4 class=\"font-bold text-xl text-[#58508D] mb-3\">Perfil de Permanencia<\/h4>\n<p class=\"text-sm text-gray-600\">Acreditar experiencias educativas (calificaci\u00f3n m\u00ednima 70\/100), aprobar evaluaci\u00f3n tutorial semestral, presentar informes de avance y cubrir aranceles correspondientes.<\/p>\n<\/p><\/div>\n<div class=\"bg-gray-50 p-6 rounded-lg\">\n<h4 class=\"font-bold text-xl text-[#003F5C] mb-3\">Perfil de Egreso<\/h4>\n<p class=\"text-sm text-gray-600\">Conocimientos te\u00f3ricos sobre ecolog\u00eda y conservaci\u00f3n, perspectiva integral y cr\u00edtica, y formaci\u00f3n s\u00f3lida para continuar con estudios de doctorado. Desempe\u00f1o profesional con iniciativa, creatividad y \u00e9tica.<\/p>\n<\/p><\/div>\n<\/p><\/div>\n<p>                <!-- Requisitos --><\/p>\n<div class=\"grid md:grid-cols-2 gap-8\">\n<div>\n<h3 class=\"text-2xl font-bold text-[#58508D] mb-4\">Requisitos de Ingreso<\/h3>\n<ul class=\"list-disc list-inside space-y-2 text-gray-700\">\n<li>T\u00edtulo de licenciatura en \u00e1reas afines (Biolog\u00eda, Sociolog\u00eda, etc.).<\/li>\n<li>Promedio m\u00ednimo de 8.0\/10.<\/li>\n<li>Comprensi\u00f3n de lectura en ingl\u00e9s.<\/li>\n<li>Carta de motivos y de compromiso de tiempo completo.<\/li>\n<li>Carta compromiso de un tutor-director del CITRO.<\/li>\n<li>Tres cartas de recomendaci\u00f3n acad\u00e9mica.<\/li>\n<li>Anteproyecto de tesis con VoBo del tutor.<\/li>\n<li>Curr\u00edculum Vitae y clave CVU del CONAHCYT.<\/li>\n<li>Cubrir derechos arancelarios y presentar EXANI-III.<\/li>\n<\/ul><\/div>\n<div>\n<h3 class=\"text-2xl font-bold text-[#58508D] mb-4\">Requisitos de Titulaci\u00f3n<\/h3>\n<p class=\"text-gray-700 mb-2\">Se otorga el t\u00edtulo de <strong>Maestro(a) en Ecolog\u00eda Tropical<\/strong> al cumplir con:<\/p>\n<ul class=\"list-disc list-inside space-y-2 text-gray-700\">\n<li>Aprobar el examen de ingl\u00e9s EXAVER I.<\/li>\n<li>Tener la autorizaci\u00f3n del examen por el comit\u00e9 tutorial y sinodal.<\/li>\n<li>Obtener autorizaci\u00f3n de la Oficial\u00eda Mayor de la UV.<\/li>\n<li>Aprobar la defensa de la tesis en un examen p\u00fablico.<\/li>\n<li>Compromiso de enviar resumen curricular anual por 5 a\u00f1os.<\/li>\n<\/ul><\/div>\n<\/p><\/div>\n<p>                <!-- Campo y Docentes --><\/p>\n<div>\n<h3 class=\"text-2xl font-bold text-[#58508D] mb-4\">Campo Profesional y Plantilla Docente<\/h3>\n<p class=\"text-gray-700 mb-4\">Nuestros egresados se desempe\u00f1an en el sector gubernamental, educativo, de investigaci\u00f3n, productivo y en organizaciones sociales a nivel nacional e internacional (ONGs, FAO, PNUMA, WWF, etc.).<\/p>\n<p class=\"text-gray-700\">La plantilla docente est\u00e1 integrada por <strong>21 acad\u00e9micos<\/strong> de tiempo completo, de los cuales el <strong>100%<\/strong> tienen doctorado y pertenecen al SNI. El 82% obtuvo su grado en universidades de prestigio distintas a la UV.<\/p>\n<\/p><\/div>\n<\/p><\/div>\n<\/section>\n<p>    <\/main><\/p>\n<p>    <!-- Footer --><\/p>\n<footer class=\"bg-gray-800 text-white mt-16\">\n<div class=\"container mx-auto px-6 py-8 text-center\">\n<div class=\"flex flex-col items-center\">\n<p class=\"font-bold text-lg\">Universidad Veracruzana<\/p>\n<p>Centro de Investigaciones Tropicales (CITRO)<\/p>\n<div class=\"mt-6\">\n                    <img decoding=\"async\" loading=\"lazy\" src=\"http:\/\/googleusercontent.com\/file_content\/8\" alt=\"C\u00f3digo QR de acceso r\u00e1pido\" class=\"w-32 h-32 rounded-lg\"><\/p>\n<p class=\"text-sm mt-2 text-gray-400\">Acceso R\u00e1pido<\/p>\n<\/p><\/div>\n<p class=\"text-sm mt-6 text-gray-400\">&copy; 2025. Esta es una propuesta de dise\u00f1o para la modernizaci\u00f3n de procesos.<\/p>\n<\/p><\/div>\n<\/p><\/div>\n<\/footer>\n<p><\/body><br \/>\n<\/html><\/p>\n","protected":false},"excerpt":{"rendered":"<p>Plan de Estudios &#8211; Posgrado CITRO-UV Plan de Estudios: Maestr\u00eda en Ecolog\u00eda Tropical Conoce a fondo la estructura y los objetivos de nuestro programa. Descripci\u00f3n y Objetivo En las regiones tropicales se concentra la mayor diversidad biol\u00f3gica y cultural del mundo; sin embargo, las presiones antropog\u00e9nicas ponen en riesgo los diversos sistemas socio-ecol\u00f3gicos. La Maestr\u00eda [&hellip;]<\/p>\n","protected":false},"author":1,"featured_media":0,"parent":0,"menu_order":0,"comment_status":"closed","ping_status":"closed","template":"","meta":{"nf_dc_page":"","om_disable_all_campaigns":false,"_monsterinsights_skip_tracking":false,"_monsterinsights_sitenote_active":false,"_monsterinsights_sitenote_note":"","_monsterinsights_sitenote_category":0,"footnotes":""},"class_list":["post-369","page","type-page","status-publish","hentry"],"aioseo_notices":[],"jetpack_sharing_enabled":true,"_links":{"self":[{"href":"https:\/\/citro-uv.com\/website_7fbf7d4f\/wp-json\/wp\/v2\/pages\/369","targetHints":{"allow":["GET"]}}],"collection":[{"href":"https:\/\/citro-uv.com\/website_7fbf7d4f\/wp-json\/wp\/v2\/pages"}],"about":[{"href":"https:\/\/citro-uv.com\/website_7fbf7d4f\/wp-json\/wp\/v2\/types\/page"}],"author":[{"embeddable":true,"href":"https:\/\/citro-uv.com\/website_7fbf7d4f\/wp-json\/wp\/v2\/users\/1"}],"replies":[{"embeddable":true,"href":"https:\/\/citro-uv.com\/website_7fbf7d4f\/wp-json\/wp\/v2\/comments?post=369"}],"version-history":[{"count":2,"href":"https:\/\/citro-uv.com\/website_7fbf7d4f\/wp-json\/wp\/v2\/pages\/369\/revisions"}],"predecessor-version":[{"id":371,"href":"https:\/\/citro-uv.com\/website_7fbf7d4f\/wp-json\/wp\/v2\/pages\/369\/revisions\/371"}],"wp:attachment":[{"href":"https:\/\/citro-uv.com\/website_7fbf7d4f\/wp-json\/wp\/v2\/media?parent=369"}],"curies":[{"name":"wp","href":"https:\/\/api.w.org\/{rel}","templated":true}]}}